{"id":66,"date":"2025-12-14T21:12:58","date_gmt":"2025-12-14T21:12:58","guid":{"rendered":"https:\/\/adnhirdavat.com\/?page_id=66"},"modified":"2026-03-22T14:17:09","modified_gmt":"2026-03-22T14:17:09","slug":"kataloglar","status":"publish","type":"page","link":"https:\/\/adnhirdavat.com\/?page_id=66","title":{"rendered":"Kataloglar"},"content":{"rendered":"\t\t<div data-elementor-type=\"wp-page\" data-elementor-id=\"66\" class=\"elementor elementor-66\">\n\t\t\t\t<div class=\"elementor-element elementor-element-8ce6597 e-flex e-con-boxed e-con e-parent\" data-id=\"8ce6597\" data-element_type=\"container\">\n\t\t\t\t\t<div class=\"e-con-inner\">\n\t\t\t\t<div class=\"elementor-element elementor-element-7e00e58 elementor-widget elementor-widget-text-editor\" data-id=\"7e00e58\" data-element_type=\"widget\" data-widget_type=\"text-editor.default\">\n\t\t\t\t\t\t\t\t\t\n<h1><strong>Kataloglar<\/strong><\/h1>\n<p>\u00c7al\u0131\u015ft\u0131\u011f\u0131m\u0131z markalara ait g\u00fcncel \u00fcr\u00fcn kataloglar\u0131n\u0131 a\u015fa\u011f\u0131dan inceleyebilir veya indirebilirsiniz.<\/p>\n\n<p>\u00a0<\/p>\n\t\t\t\t\t\t\t\t<\/div>\n\t\t\t\t\t<\/div>\n\t\t\t\t<\/div>\n\t\t<div class=\"elementor-element elementor-element-f9b5a75 e-grid e-con-full e-con e-parent\" data-id=\"f9b5a75\" data-element_type=\"container\">\n\t\t\t\t<div class=\"elementor-element elementor-element-0ae2660 elementor-widget elementor-widget-image\" data-id=\"0ae2660\" data-element_type=\"widget\" data-widget_type=\"image.default\">\n\t\t\t\t\t\t\t\t\t\t\t\t\t\t\t\t<a href=\"https:\/\/drive.google.com\/file\/d\/1ME22GpH5wT8JavbMEUSYXorRKUCA3g6-\/view?usp=sharing\" target=\"_blank\" rel=\"noopener\">\n\t\t\t\t\t\t\t<img fetchpriority=\"high\" decoding=\"async\" width=\"600\" height=\"400\" src=\"https:\/\/adnhirdavat.com\/wp-content\/uploads\/2025\/12\/cetaform_1531305484.jpg\" class=\"attachment-large size-large wp-image-98\" alt=\"\" srcset=\"https:\/\/adnhirdavat.com\/wp-content\/uploads\/2025\/12\/cetaform_1531305484.jpg 600w, https:\/\/adnhirdavat.com\/wp-content\/uploads\/2025\/12\/cetaform_1531305484-300x200.jpg 300w\" sizes=\"(max-width: 600px) 100vw, 600px\" \/>\t\t\t\t\t\t\t\t<\/a>\n\t\t\t\t\t\t\t\t\t\t\t\t\t\t\t<\/div>\n\t\t\t\t<div class=\"elementor-element elementor-element-5386c7d elementor-widget elementor-widget-image\" data-id=\"5386c7d\" data-element_type=\"widget\" data-widget_type=\"image.default\">\n\t\t\t\t\t\t\t\t\t\t\t\t\t\t\t\t<a href=\"https:\/\/drive.google.com\/file\/d\/1QCHUqbxX2vCosI45DvQ0Rjyz2FOoteT8\/view?usp=sharing\" target=\"_blank\" rel=\"noopener\">\n\t\t\t\t\t\t\t<img decoding=\"async\" width=\"800\" height=\"450\" src=\"https:\/\/adnhirdavat.com\/wp-content\/uploads\/2025\/10\/retta.jpg\" class=\"attachment-full size-full wp-image-21\" alt=\"\" srcset=\"https:\/\/adnhirdavat.com\/wp-content\/uploads\/2025\/10\/retta.jpg 800w, https:\/\/adnhirdavat.com\/wp-content\/uploads\/2025\/10\/retta-300x169.jpg 300w, https:\/\/adnhirdavat.com\/wp-content\/uploads\/2025\/10\/retta-768x432.jpg 768w\" sizes=\"(max-width: 800px) 100vw, 800px\" \/>\t\t\t\t\t\t\t\t<\/a>\n\t\t\t\t\t\t\t\t\t\t\t\t\t\t\t<\/div>\n\t\t\t\t<div class=\"elementor-element elementor-element-5c5984a elementor-widget elementor-widget-image\" data-id=\"5c5984a\" data-element_type=\"widget\" data-widget_type=\"image.default\">\n\t\t\t\t\t\t\t\t\t\t\t\t\t\t\t\t<a href=\"https:\/\/izeltas.com.tr\/wp-content\/uploads\/2026\/03\/IZELTAS-Katalog-2026-1-TR-4.pdf\" target=\"_blank\" rel=\"noopener\">\n\t\t\t\t\t\t\t<img decoding=\"async\" width=\"600\" height=\"74\" src=\"https:\/\/adnhirdavat.com\/wp-content\/uploads\/2025\/12\/images.png\" class=\"attachment-medium_large size-medium_large wp-image-97\" alt=\"\" srcset=\"https:\/\/adnhirdavat.com\/wp-content\/uploads\/2025\/12\/images.png 600w, https:\/\/adnhirdavat.com\/wp-content\/uploads\/2025\/12\/images-300x37.png 300w\" sizes=\"(max-width: 600px) 100vw, 600px\" \/>\t\t\t\t\t\t\t\t<\/a>\n\t\t\t\t\t\t\t\t\t\t\t\t\t\t\t<\/div>\n\t\t\t\t<div class=\"elementor-element elementor-element-b64783c elementor-widget elementor-widget-image\" data-id=\"b64783c\" data-element_type=\"widget\" data-widget_type=\"image.default\">\n\t\t\t\t\t\t\t\t\t\t\t\t\t\t\t\t<a href=\"https:\/\/drive.google.com\/file\/d\/1tG_cybtgoBk-UjLm3beNSNh_y2Cdec9s\/view?usp=sharing\" target=\"_blank\" rel=\"noopener\">\n\t\t\t\t\t\t\t<img loading=\"lazy\" decoding=\"async\" width=\"600\" height=\"600\" src=\"https:\/\/adnhirdavat.com\/wp-content\/uploads\/2025\/10\/hazet-werk-logo-png_seeklogo-65741.png\" class=\"attachment-medium_large size-medium_large wp-image-32\" alt=\"\" srcset=\"https:\/\/adnhirdavat.com\/wp-content\/uploads\/2025\/10\/hazet-werk-logo-png_seeklogo-65741.png 600w, https:\/\/adnhirdavat.com\/wp-content\/uploads\/2025\/10\/hazet-werk-logo-png_seeklogo-65741-300x300.png 300w, https:\/\/adnhirdavat.com\/wp-content\/uploads\/2025\/10\/hazet-werk-logo-png_seeklogo-65741-150x150.png 150w\" sizes=\"(max-width: 600px) 100vw, 600px\" \/>\t\t\t\t\t\t\t\t<\/a>\n\t\t\t\t\t\t\t\t\t\t\t\t\t\t\t<\/div>\n\t\t\t\t<div class=\"elementor-element elementor-element-84d7741 elementor-widget elementor-widget-image\" data-id=\"84d7741\" data-element_type=\"widget\" data-widget_type=\"image.default\">\n\t\t\t\t\t\t\t\t\t\t\t\t\t\t\t\t<a href=\"https:\/\/drive.google.com\/file\/d\/1z7tmKBJ6-86Aa4gnsoeeGTmUSVHMFqP1\/view?usp=sharing\" target=\"_blank\" rel=\"noopener\">\n\t\t\t\t\t\t\t<img decoding=\"async\" src=\"https:\/\/adnhirdavat.com\/wp-content\/uploads\/2025\/10\/osaka-logo.jpeg\" title=\"osaka logo\" alt=\"OSAKA\" loading=\"lazy\" \/>\t\t\t\t\t\t\t\t<\/a>\n\t\t\t\t\t\t\t\t\t\t\t\t\t\t\t<\/div>\n\t\t\t\t<div class=\"elementor-element elementor-element-9b3b527 elementor-widget__width-inherit elementor-widget elementor-widget-image\" data-id=\"9b3b527\" data-element_type=\"widget\" data-widget_type=\"image.default\">\n\t\t\t\t\t\t\t\t\t\t\t\t\t\t\t\t<a href=\"https:\/\/drive.google.com\/file\/d\/1VNN_W_yrf_BSvVFUIFdxZTA6i5MwCJqf\/view?usp=sharing\" target=\"_blank\" rel=\"noopener\">\n\t\t\t\t\t\t\t<img loading=\"lazy\" decoding=\"async\" width=\"133\" height=\"55\" src=\"https:\/\/adnhirdavat.com\/wp-content\/uploads\/2025\/10\/PDR.png\" class=\"attachment-medium size-medium wp-image-34\" alt=\"\" \/>\t\t\t\t\t\t\t\t<\/a>\n\t\t\t\t\t\t\t\t\t\t\t\t\t\t\t<\/div>\n\t\t\t\t<\/div>\n\t\t<div class=\"elementor-element elementor-element-69971e7 e-grid e-con-boxed e-con e-parent\" data-id=\"69971e7\" data-element_type=\"container\">\n\t\t\t\t\t<div class=\"e-con-inner\">\n\t\t\t\t<div class=\"elementor-element elementor-element-a0d7d41 elementor-widget elementor-widget-image\" data-id=\"a0d7d41\" data-element_type=\"widget\" data-widget_type=\"image.default\">\n\t\t\t\t\t\t\t\t\t\t\t\t\t\t\t\t<a href=\"https:\/\/drive.google.com\/file\/d\/1cyM9-XmUpsew0re1mgdbd9JnAAijOhKf\/view?usp=sharing\" target=\"_blank\" rel=\"noopener\">\n\t\t\t\t\t\t\t<img loading=\"lazy\" decoding=\"async\" width=\"400\" height=\"222\" src=\"https:\/\/adnhirdavat.com\/wp-content\/uploads\/2025\/10\/rico.png\" class=\"attachment-large size-large wp-image-27\" alt=\"\" srcset=\"https:\/\/adnhirdavat.com\/wp-content\/uploads\/2025\/10\/rico.png 400w, https:\/\/adnhirdavat.com\/wp-content\/uploads\/2025\/10\/rico-300x167.png 300w\" sizes=\"(max-width: 400px) 100vw, 400px\" \/>\t\t\t\t\t\t\t\t<\/a>\n\t\t\t\t\t\t\t\t\t\t\t\t\t\t\t<\/div>\n\t\t\t\t<div class=\"elementor-element elementor-element-80cdd18 elementor-widget elementor-widget-image\" data-id=\"80cdd18\" data-element_type=\"widget\" data-widget_type=\"image.default\">\n\t\t\t\t\t\t\t\t\t\t\t\t\t\t\t\t<a href=\"https:\/\/drive.google.com\/file\/d\/1sahnukVEE4vcSFAfGtzEwT8NLmGiqSA6\/view?usp=sharing\" target=\"_blank\" rel=\"noopener\">\n\t\t\t\t\t\t\t<img loading=\"lazy\" decoding=\"async\" width=\"100\" height=\"62\" src=\"https:\/\/adnhirdavat.com\/wp-content\/uploads\/2026\/03\/e7bdda_4114f938b23b4cbb83b93bde19e8330dmv2.avif\" class=\"attachment-large size-large wp-image-191\" alt=\"\" \/>\t\t\t\t\t\t\t\t<\/a>\n\t\t\t\t\t\t\t\t\t\t\t\t\t\t\t<\/div>\n\t\t\t\t\t<\/div>\n\t\t\t\t<\/div>\n\t\t\t\t<\/div>\n\t\t","protected":false},"excerpt":{"rendered":"<p>Kataloglar \u00c7al\u0131\u015ft\u0131\u011f\u0131m\u0131z markalara ait g\u00fcncel \u00fcr\u00fcn kataloglar\u0131n\u0131 a\u015fa\u011f\u0131dan inceleyebilir veya indirebilirsiniz. \u00a0<\/p>\n","protected":false},"author":1,"featured_media":0,"parent":0,"menu_order":0,"comment_status":"closed","ping_status":"closed","template":"","meta":{"_joinchat":[],"footnotes":""},"class_list":["post-66","page","type-page","status-publish","hentry"],"_links":{"self":[{"href":"https:\/\/adnhirdavat.com\/index.php?rest_route=\/wp\/v2\/pages\/66","targetHints":{"allow":["GET"]}}],"collection":[{"href":"https:\/\/adnhirdavat.com\/index.php?rest_route=\/wp\/v2\/pages"}],"about":[{"href":"https:\/\/adnhirdavat.com\/index.php?rest_route=\/wp\/v2\/types\/page"}],"author":[{"embeddable":true,"href":"https:\/\/adnhirdavat.com\/index.php?rest_route=\/wp\/v2\/users\/1"}],"replies":[{"embeddable":true,"href":"https:\/\/adnhirdavat.com\/index.php?rest_route=%2Fwp%2Fv2%2Fcomments&post=66"}],"version-history":[{"count":37,"href":"https:\/\/adnhirdavat.com\/index.php?rest_route=\/wp\/v2\/pages\/66\/revisions"}],"predecessor-version":[{"id":222,"href":"https:\/\/adnhirdavat.com\/index.php?rest_route=\/wp\/v2\/pages\/66\/revisions\/222"}],"wp:attachment":[{"href":"https:\/\/adnhirdavat.com\/index.php?rest_route=%2Fwp%2Fv2%2Fmedia&parent=66"}],"curies":[{"name":"wp","href":"https:\/\/api.w.org\/{rel}","templated":true}]}}