{"id":67,"date":"2025-12-14T20:15:50","date_gmt":"2025-12-14T20:15:50","guid":{"rendered":"https:\/\/adnhirdavat.com\/?page_id=67"},"modified":"2025-12-14T20:58:48","modified_gmt":"2025-12-14T20:58:48","slug":"iletisim","status":"publish","type":"page","link":"https:\/\/adnhirdavat.com\/?page_id=67","title":{"rendered":"\u0130leti\u015fim"},"content":{"rendered":"\t\t<div data-elementor-type=\"wp-page\" data-elementor-id=\"67\" class=\"elementor elementor-67\">\n\t\t\t\t<div class=\"elementor-element elementor-element-3811bbc7 e-flex e-con-boxed e-con e-parent\" data-id=\"3811bbc7\" data-element_type=\"container\">\n\t\t\t\t\t<div class=\"e-con-inner\">\n\t\t\t\t<div class=\"elementor-element elementor-element-4ce5d80 elementor-widget elementor-widget-text-editor\" data-id=\"4ce5d80\" data-element_type=\"widget\" data-widget_type=\"text-editor.default\">\n\t\t\t\t\t\t\t\t\t<p><\/p>\n<h2 class=\"wp-block-heading\">\u0130leti\u015fim<\/h2>\n<p><\/p>\n<p><strong>ADN HIRDAVAT<\/strong><br>Profesyonel H\u0131rdavat &amp; Otomotiv Sarf Malzemeleri<\/p>\n<p><\/p>\n<p><strong>Adres<\/strong><br>G\u00fcrsel Mah. Nurta\u00e7 cad.<\/p>\n<p><\/p>\n<p>Ka\u011f\u0131thane \/ \u0130STANBUL<\/p>\n<p><\/p>\n<p><strong>Telefon<\/strong><br>0 (531) 981 50 71<\/p>\n<p><\/p>\n<p><strong>WhatsApp<\/strong><br>0 (531) 981 50 71<br><em>H\u0131zl\u0131 teklif ve \u00fcr\u00fcn bilgisi i\u00e7in<\/em><\/p>\n<p><\/p>\n<p><strong>E-posta<\/strong><br><a>info@adnhirdavat.com<\/a><\/p>\n<p><\/p>\n<p><strong>\u00c7al\u0131\u015fma Saatleri<\/strong><br>Hafta i\u00e7i: 08:30 \u2013 18:30<br>Cumartesi: 09:00 \u2013 14:00<br>Pazar: Kapal\u0131<\/p>\n<p><\/p>\t\t\t\t\t\t\t\t<\/div>\n\t\t\t\t\t<\/div>\n\t\t\t\t<\/div>\n\t\t<div class=\"elementor-element elementor-element-9c1ce13 e-flex e-con-boxed e-con e-parent\" data-id=\"9c1ce13\" data-element_type=\"container\">\n\t\t\t\t\t<div class=\"e-con-inner\">\n\t\t\t\t<div class=\"elementor-element elementor-element-867983e elementor-widget elementor-widget-google_maps\" data-id=\"867983e\" data-element_type=\"widget\" data-widget_type=\"google_maps.default\">\n\t\t\t\t\t\t\t<div class=\"elementor-custom-embed\">\n\t\t\t<iframe loading=\"lazy\"\n\t\t\t\t\tsrc=\"https:\/\/maps.google.com\/maps?q=g%C3%BCrsel%20mah.%20nurta%C3%A7%20cad.%20ka%C4%9F%C4%B1thane%20istanbul&#038;t=m&#038;z=10&#038;output=embed&#038;iwloc=near\"\n\t\t\t\t\ttitle=\"g\u00fcrsel mah. nurta\u00e7 cad. ka\u011f\u0131thane istanbul\"\n\t\t\t\t\taria-label=\"g\u00fcrsel mah. nurta\u00e7 cad. ka\u011f\u0131thane istanbul\"\n\t\t\t><\/iframe>\n\t\t<\/div>\n\t\t\t\t\t\t<\/div>\n\t\t\t\t\t<\/div>\n\t\t\t\t<\/div>\n\t\t\t\t<\/div>\n\t\t","protected":false},"excerpt":{"rendered":"<p>\u0130leti\u015fim ADN HIRDAVATProfesyonel H\u0131rdavat &amp; Otomotiv Sarf Malzemeleri AdresG\u00fcrsel Mah. Nurta\u00e7 cad. Ka\u011f\u0131thane \/ \u0130STANBUL Telefon0 (531) 981 50 71 WhatsApp0 (531) 981 50 71H\u0131zl\u0131 teklif ve \u00fcr\u00fcn bilgisi i\u00e7in E-postainfo@adnhirdavat.com \u00c7al\u0131\u015fma SaatleriHafta i\u00e7i: 08:30 \u2013 18:30Cumartesi: 09:00 \u2013 14:00Pazar: Kapal\u0131<\/p>\n","protected":false},"author":1,"featured_media":0,"parent":0,"menu_order":0,"comment_status":"closed","ping_status":"closed","template":"","meta":{"_joinchat":[],"footnotes":""},"class_list":["post-67","page","type-page","status-publish","hentry"],"_links":{"self":[{"href":"https:\/\/adnhirdavat.com\/index.php?rest_route=\/wp\/v2\/pages\/67","targetHints":{"allow":["GET"]}}],"collection":[{"href":"https:\/\/adnhirdavat.com\/index.php?rest_route=\/wp\/v2\/pages"}],"about":[{"href":"https:\/\/adnhirdavat.com\/index.php?rest_route=\/wp\/v2\/types\/page"}],"author":[{"embeddable":true,"href":"https:\/\/adnhirdavat.com\/index.php?rest_route=\/wp\/v2\/users\/1"}],"replies":[{"embeddable":true,"href":"https:\/\/adnhirdavat.com\/index.php?rest_route=%2Fwp%2Fv2%2Fcomments&post=67"}],"version-history":[{"count":10,"href":"https:\/\/adnhirdavat.com\/index.php?rest_route=\/wp\/v2\/pages\/67\/revisions"}],"predecessor-version":[{"id":86,"href":"https:\/\/adnhirdavat.com\/index.php?rest_route=\/wp\/v2\/pages\/67\/revisions\/86"}],"wp:attachment":[{"href":"https:\/\/adnhirdavat.com\/index.php?rest_route=%2Fwp%2Fv2%2Fmedia&parent=67"}],"curies":[{"name":"wp","href":"https:\/\/api.w.org\/{rel}","templated":true}]}}